igit of 2882?
2
What is the thousands digit of 15406?
5
What is the thousands digit of 82836?
2
What is the hundreds digit of 476?
4
What is the tens digit of 9240?
4
What is the units digit of 29404?
4
What is the thousands digit of 8132?
8
What is the thousands digit of 5574?
5
What is the units digit of 78?
8
What is the tens digit of 11727?
2
What is the hundreds digit of 6923?
9
What is the tens digit of 1695?
9
What is the tens digit of 3287?
8
What is the units digit of 4237?
7
What is the units digit of 4023?
3
What is the tens digit of 481?
8
What is the hundreds digit of 1127?
1
What is the units digit of 137?
7
What is the thousands digit of 3725?
3
What is the tens digit of 26027?
2
What is the tens digit of 164?
6
What is the units digit of 29369?
9
What is the tens digit of 8547?
4
What is the thousands digit of 33167?
3
What is the hundreds digit of 1547?
5
What is the hundreds digit of 361?
3
What is the tens digit of 1024?
2
What is the units digit of 5981?
1
What is the thousands digit of 24104?
4
What is the thousands digit of 5849?
5
What is the units digit of 563?
3
What is the tens digit of 2917?
1
What is the hundreds digit of 1021?
0
What is the hundreds digit of 10155?
1
What is the thousands digit of 11349?
1
What is the units digit of 1132?
2
What is the units digit of 49481?
1
What is the hundreds digit of 1042?
0
What is the hundreds digit of 3209?
2
What is the hundreds digit of 2233?
2
What is the tens digit of 335?
3
What is the ten thousands digit of 19707?
1
What is the units digit of 18452?
2
What is the thousands digit of 3136?
3
What is the hundreds digit of 116430?
4
What is the tens digit of 2524?
2
What is the units digit of 1010?
0
What is the tens digit of 1358?
5
What is the hundreds digit of 48616?
6
What is the tens digit of 6021?
2
What is the hundreds digit of 966?
9
What is the tens digit of 1227?
2
What is the units digit of 65?
5
What is the hundreds digit of 913?
9
What is the units digit of 2948?
8
What is the thousands digit of 19730?
9
What is the units digit of 464?
4
What is the hundreds digit of 694?
6
What is the ten thousands digit of 43869?
4
What is the tens digit of 17292?
9
What is the tens digit of 3817?
1
What is the tens digit of 184?
8
What is the units digit of 653?
3
What is the hundreds digit of 33365?
3
What is the tens digit of 1376?
7
What is the units digit of 855?
5
What is the hundreds digit of 556?
5
What is the thousands digit of 9537?
9
What is the tens digit of 1129?
2
What is the thousands digit of 1404?
1
What is the units digit of 200?
0
What is the thousands digit of 17402?
7
What is the units digit of 916?
6
What is the ten thousands digit of 155436?
5
What is the tens digit of 61585?
8
What is the hundreds digit of 8779?
7
What is the tens digit of 884?
8
What is the thousands digit of 1139?
1
What is the units digit of 451?
1
What is the thousands digit of 2113?
2
What is the thousands digit of 30894?
0
What is the thousands digit of 12608?
2
What is the hundreds digit of 475?
4
What is the hundreds digit of 4782?
7
What is the hundreds digit of 1201?
2
What is the thousands digit of 1437?
1
What is the hundreds digit of 5456?
4
What is the hundreds digit of 498?
4
What is the thousands digit of 3904?
3
What is the tens digit of 2932?
3
What is the thousands digit of 1213?
1
What is the ten thousands digit of 10294?
1
What is the thousands digit of 80676?
0
What is the units digit of 49766?
6
What is the tens digit of 423?
2
What is the units digit of 1191?
1
What is the hundreds digit of 583?
5
What is the hundreds digit of 43340?
3
What is the tens digit of 4035?
3
What is the thousands digit of 1662?
1
What is the tens digit of 10111?
1
What is the units digit of 1644?
4
What is the tens digit of 128102?
0
What is the ten thousands digit of 54015?
5
What is the tens digit of 44133?
3
What is the units digit of 8693?
3
What is the units digit of 110129?
9
What is the tens digit of 195?
9
What is the units digit of 1032?
2
What is the hundreds digit of 576?
5
What is the units digit of 3906?
6
What is the tens digit of 236?
3
What is the hundreds digit of 11074?
0
What is the tens digit of 2474?
7
What is the tens digit of 67506?
0
What is the tens digit of 1608?
0
What is the units digit of 3905?
5
What is the hundreds digit of 1306?
3
What is the hundreds digit of 29248?
2
What is the hundreds digit of 4523?
5
What is the thousands digit of 2128?
2
What is the hundreds digit of 26282?
2
What is the thousands digit of 16962?
6
What is the units digit of 2442?
2
What is the units digit of 31258?
8
What is the thousands digit of 12711?
2
What is the tens digit of 37287?
8
What is the hundreds digit of 293?
2
What is the thousands digit of 169757?
9
What is the ten thousands digit of 106285?
0
What is the tens digit of 38479?
7
What is the units digit of 1688?
8
What is the units digit of 84962?
2
What is the ten thousands digit of 18081?
1
What is the hundreds digit of 1246?
2
What is the hundreds digit of 38054?
0
What is the hundreds digit of 6387?
3
What is the thousands digit of 31285?
1
What is the units digit of 69574?
4
What is the hundreds digit of 7169?
1
What is the thousands digit of 16542?
6
What is the tens digit of 1196?
9
What is the hundreds digit of 268?
2
What is the hundreds digit of 30400?
4
What is the units digit of 25675?
5
What is the units digit of 2134?
4
What is the hundreds digit of 2644?
6
What is the units digit of 58081?
1
What is the units digit of 5393?
3
What is the thousands digit of 1255?
1
What is the hundreds digit of 391?
3
What is the tens digit of 17325?
2
What is the hundreds digit of 1013?
0
What is the hundreds digit of 2716?
7
What is the units digit of 2358?
8
What is the hundreds digit of 898?
8
What is the thousands digit of 6341?
6
What is the units digit of 2996?
6
What is the thousands digit of 4549?
4
What is the thousands digit of 69914?
9
What is the thousands digit of 18810?
8
What is the units digit of 112?
2
What is the hundreds digit of 8649?
6
What is the hundreds digit of 7736?
7
What is the thousands digit of 3082?
3
What is the hundreds digit of 4606?
6
What is the tens digit of 1624?
2
What is the tens digit of 30336?
3
What is the tens digit of 1331?
3
What is the thousands digit of 25033?
5
What is the hundreds digit of 3460?
4
What is the hundreds digit of 29901?
9
What is the ten thousands digit of 29702?
2
What is the units digit of 4455?
5
What is the units digit of 6292?
2
What is the thousands digit of 30359?
0
What is the hundreds digit of 350?
3
What is the tens digit of 8420?
2
What is the units digit of 1157?
7
What is the units digit of 515?
5
What is the hundreds digit of 10399?
3
What is the units digit of 701?
1
What is the hundreds digit of 1083?
0
What is the hundreds digit of 1738?
7
What is the ten thousands digit of 24234?
2
What is the ten thousands digit of 12226?
1
What is the thousands digit of 6274?
6
What is the units digit of 11405?
5
What is the units digit of 7611?
1
What is the tens digit of 43?
4
What is the hundreds digit of 4131?
1
What is the tens digit of 8011?
1
What is the tens digit of 426?
2
What is the thousands digit of 5934?
5
What is the thousands digit of 1183?
1
What is the hundreds digit of 25551?
5
What is the tens digit of 11093?
9
What is the ten thousands digit of 95884?
9
What is the units digit of 5805?
5
What is the thousands digit of 5704?
5
What is the hundreds digit of 61222?
2
What is the hundreds digit of 16326?
3
What is the units digit of 3718?
8
What is the thousands digit of 4694?
4
What is the hundreds digit of 647?
6
What is the hundreds digit of 7620?
6
What is the hundreds digit of 5019?
0
What is the thousands digit of 2151?
2
What is the units digit of 2766?
6
What is the hundreds digit of 1760?
7
What is the tens digit of 1776?
7
What is the thousands digit of 2964?
2
What is the units digit of 21934?
4
What is the tens digit of 94046?
4
What is the thousands digit of 42644?
2
What is the units digit of 4551?
1
What is the ten thousands digit of 12998?
1
What is the thousands digit of 53125?
3
What is the units digit of 1306?
6
What is the tens digit of 683?
8
What is the tens digit of 2222?
2
What is the units digit of 13